{"id":361,"date":"2018-04-10T08:22:17","date_gmt":"2018-04-10T08:22:17","guid":{"rendered":"http:\/\/bridge219.qodeinteractive.com\/?page_id=4"},"modified":"2025-12-02T20:00:29","modified_gmt":"2025-12-02T20:00:29","slug":"home","status":"publish","type":"page","link":"https:\/\/zupanservos.com.br\/site\/","title":{"rendered":"Home"},"content":{"rendered":"<div class=\"wpb-content-wrapper\"><p>[vc_row css_animation=&#8221;&#8221; row_type=&#8221;row&#8221; use_row_as_full_screen_section=&#8221;no&#8221; type=&#8221;full_width&#8221; angled_section=&#8221;no&#8221; text_align=&#8221;left&#8221; background_image_as_pattern=&#8221;without_pattern&#8221; css=&#8221;.vc_custom_1681237283020{background-color: #fffff !important;}&#8221; z_index=&#8221;&#8221;][vc_column][rev_slider_vc alias=&#8221;slider-1&#8243;][\/vc_column][\/vc_row][vc_row css_animation=&#8221;&#8221; row_type=&#8221;row&#8221; use_row_as_full_screen_section=&#8221;no&#8221; type=&#8221;full_width&#8221; angled_section=&#8221;no&#8221; text_align=&#8221;center&#8221; background_image_as_pattern=&#8221;without_pattern&#8221; z_index=&#8221;&#8221; css=&#8221;.vc_custom_1715101829514{background-image: url(https:\/\/zupanservos.com.br\/site\/wp-content\/uploads\/2018\/04\/home-parallax-2.jpg?id=34) !important;}&#8221;][vc_column][vc_empty_space height=&#8221;42px&#8221;][vc_row_inner row_type=&#8221;row&#8221; type=&#8221;grid&#8221; text_align=&#8221;left&#8221; css_animation=&#8221;&#8221; background_color=&#8221;#ffffff&#8221;][vc_column_inner width=&#8221;1\/2&#8243;][vc_column_text]<br \/>\n<img loading=\"lazy\" decoding=\"async\" style=\"border: none;\" src=\"https:\/\/zupanservos.com.br\/site\/wp-content\/uploads\/2023\/04\/40ANOS.png\" alt=\"\" width=\"480\" height=\"350\" \/><br \/>\n[\/vc_column_text][\/vc_column_inner][vc_column_inner width=&#8221;1\/2&#8243;][vc_column_text]<\/p>\n<h1><strong>Sobre n\u00f3s<\/strong><\/h1>\n<p>[\/vc_column_text][vc_empty_space height=&#8221;42px&#8221;][vc_column_text]<br \/>\nNascemos com uma proposta inovadora, dando continuidade \u00e0 tradi\u00e7\u00e3o da fam\u00edlia Zupan na ind\u00fastria mec\u00e2nica. Produzimos Servos de Embreagem, com tecnologia patenteada, e trabalhamos todos os dias com o objetivo de proporcionar conforto, bom desempenho e economia aos motoristas da linha pesada.<br \/>\nPresentes em todas as regi\u00f5es do Brasil e alguns pa\u00edses da Am\u00e9rica do Sul e \u00c1frica, nos tornamos refer\u00eancia no desenvolvimento de projetos para ve\u00edculos que n\u00e3o v\u00eam com servo de embreagem instalado de f\u00e1brica e tamb\u00e9m no segmento de aftermarket. Seja bem vindo a Zupan e conhe\u00e7a nossas solu\u00e7\u00f5es para o seu caminh\u00e3o ou frota<br \/>\n<strong>Bem-vindo \u00e0 Zupan! Conhe\u00e7a nossas solu\u00e7\u00f5es para o seu caminh\u00e3o ou frota.<\/strong><br \/>\n[\/vc_column_text][vc_empty_space height=&#8221;42px&#8221;]<a  itemprop=\"url\" href=\"https:\/\/zupanservos.com.br\/site\/empresa\/\" target=\"_self\" data-hover-color='#000000' class=\"qbutton  default\" style=\"color: #ffffff; border-color: #38914e; background-color: #38914e;\">SABER MAIS<\/a>[vc_empty_space height=&#8221;42px&#8221;][\/vc_column_inner][\/vc_row_inner][vc_row_inner row_type=&#8221;row&#8221; type=&#8221;grid&#8221; text_align=&#8221;left&#8221; css_animation=&#8221;&#8221;][vc_column_inner][vc_empty_space height=&#8221;80&#8243;][vc_column_text]<\/p>\n<h1 style=\"text-align: center;\">Por que escolher <strong>Servos de Embreagem Zupan<\/strong>?<\/h1>\n<p>[\/vc_column_text][vc_empty_space height=&#8221;42px&#8221;][\/vc_column_inner][\/vc_row_inner][vc_row_inner row_type=&#8221;row&#8221; type=&#8221;grid&#8221; text_align=&#8221;left&#8221; css_animation=&#8221;&#8221; css=&#8221;.vc_custom_1715101121928{padding-bottom: 60px !important;}&#8221;][vc_column_inner width=&#8221;1\/2&#8243;][vc_empty_space height=&#8221;80&#8243;][vc_single_image image=&#8221;762&#8243; img_size=&#8221;full&#8221; alignment=&#8221;center&#8221; qode_css_animation=&#8221;&#8221;][vc_empty_space height=&#8221;20px&#8221;][vc_column_text]<\/p>\n<h3 style=\"text-align: center;\"><strong>Aumenta a vida \u00fatil<\/strong> da embreagem<\/h3>\n<p>[\/vc_column_text][vc_empty_space height=&#8221;42px&#8221;][vc_single_image image=&#8221;763&#8243; img_size=&#8221;full&#8221; alignment=&#8221;center&#8221; qode_css_animation=&#8221;&#8221;][vc_empty_space height=&#8221;20px&#8221;][vc_column_text]<\/p>\n<h3 style=\"text-align: center;\"><strong>Ampla rede<\/strong> de distribuidores<\/h3>\n<p>[\/vc_column_text][vc_empty_space height=&#8221;42px&#8221;][\/vc_column_inner][vc_column_inner width=&#8221;1\/2&#8243;][vc_empty_space height=&#8221;80&#8243;][vc_single_image image=&#8221;764&#8243; img_size=&#8221;full&#8221; alignment=&#8221;center&#8221; qode_css_animation=&#8221;&#8221;][vc_empty_space height=&#8221;20px&#8221;][vc_column_text]<\/p>\n<h3 style=\"text-align: center;\">A embreagem fica <strong>mais leve e confort\u00e1vel<\/strong><\/h3>\n<h3 style=\"text-align: center;\"><\/h3>\n<p>[\/vc_column_text][vc_empty_space height=&#8221;42px&#8221;][vc_single_image image=&#8221;765&#8243; img_size=&#8221;full&#8221; alignment=&#8221;center&#8221; qode_css_animation=&#8221;&#8221;][vc_empty_space height=&#8221;20px&#8221;][vc_column_text]<\/p>\n<h3 style=\"text-align: center;\">Atua\u00e7\u00e3o no <strong>Brasil e no exterior<\/strong><\/h3>\n<p>[\/vc_column_text][vc_empty_space height=&#8221;42px&#8221;][\/vc_column_inner][\/vc_row_inner][\/vc_column][\/vc_row][vc_row css_animation=&#8221;&#8221; row_type=&#8221;row&#8221; use_row_as_full_screen_section=&#8221;no&#8221; type=&#8221;full_width&#8221; angled_section=&#8221;no&#8221; text_align=&#8221;left&#8221; background_image_as_pattern=&#8221;without_pattern&#8221; css=&#8221;.vc_custom_1715101210488{background-color: #e8e8e8 !important;}&#8221; z_index=&#8221;&#8221;][vc_column][vc_row_inner row_type=&#8221;row&#8221; type=&#8221;grid&#8221; text_align=&#8221;left&#8221; css_animation=&#8221;&#8221;][vc_column_inner][vc_empty_space height=&#8221;42&#8243;][vc_column_text]<\/p>\n<h1 style=\"text_align: center;\">Certificados<\/h1>\n<p>[\/vc_column_text][vc_empty_space height=&#8221;42&#8243;][\/vc_column_inner][\/vc_row_inner][vc_row_inner row_type=&#8221;row&#8221; type=&#8221;grid&#8221; text_align=&#8221;left&#8221; css_animation=&#8221;&#8221;][vc_column_inner width=&#8221;1\/3&#8243;][vc_column_text]<br \/>\n<img loading=\"lazy\" decoding=\"async\" style=\"border: none;\" src=\"https:\/\/zupanservos.com.br\/site\/wp-content\/uploads\/2024\/01\/Certificado-Projeto-Dorcas-Zupan-212x300.jpg\" alt=\"\" width=\"154\" height=\"218\" \/><br \/>\n[\/vc_column_text][\/vc_column_inner][vc_column_inner width=&#8221;1\/3&#8243;][vc_column_text]<br \/>\n<img loading=\"lazy\" decoding=\"async\" style=\"border: none;\" src=\"https:\/\/zupanservos.com.br\/site\/wp-content\/uploads\/2024\/01\/selo-300x233.png\" alt=\"\" width=\"236\" height=\"183\" \/><br \/>\n[\/vc_column_text][\/vc_column_inner][vc_column_inner width=&#8221;1\/3&#8243;][vc_column_text]<br \/>\n<img loading=\"lazy\" decoding=\"async\" style=\"border: none;\" src=\"https:\/\/zupanservos.com.br\/site\/wp-content\/uploads\/2024\/01\/Selo-Projeto-Dorcas-Zupan-256x300.png\" alt=\"\" width=\"154\" height=\"180\" \/><br \/>\n[\/vc_column_text][\/vc_column_inner][\/vc_row_inner][vc_empty_space height=&#8221;42&#8243;][\/vc_column][\/vc_row][vc_row css_animation=&#8221;&#8221; row_type=&#8221;row&#8221; use_row_as_full_screen_section=&#8221;no&#8221; type=&#8221;full_width&#8221; angled_section=&#8221;no&#8221; text_align=&#8221;left&#8221; background_image_as_pattern=&#8221;without_pattern&#8221; z_index=&#8221;&#8221; background_image=&#8221;760&#8243;][vc_column width=&#8221;1\/4&#8243;][\/vc_column][vc_column width=&#8221;1\/4&#8243;][qode_elements_holder number_of_columns=&#8221;one_column&#8221;][qode_elements_holder_item advanced_animations=&#8221;no&#8221; item_padding=&#8221;170px 19% 170px 0px&#8221; item_padding_1280_1440=&#8221;165px 11% 170px 0px&#8221; item_padding_600_768=&#8221;140px 5% 140px 0px&#8221; item_padding_480_600=&#8221;100px 0%&#8221; item_padding_480=&#8221;100px 0%&#8221;][vc_column_text]<\/p>\n<h1><span style=\"color: #ffffff;\">Cat\u00e1logo de <strong>Produtos<\/strong><\/span><\/h1>\n<p>[\/vc_column_text][vc_empty_space height=&#8221;21px&#8221;][vc_column_text css=&#8221;.vc_custom_1715102606897{padding-right: 40px !important;}&#8221;]<\/p>\n<h5><span style=\"color: #ffffff;\">Acesse nosso cat\u00e1logo e confira toda a nossa linha de produtos e manuais de instala\u00e7\u00e3o.<\/span><\/h5>\n<p>[\/vc_column_text][vc_empty_space height=&#8221;50px&#8221;]<a  itemprop=\"url\" href=\"https:\/\/zupanservos.com.br\/site\/catalogo\/\" target=\"_self\" data-hover-color='#000000' class=\"qbutton  default\" style=\"color: #ffffff; border-color: #38914e; background-color: #38914e;\">VER PRODUTOS<\/a>[\/qode_elements_holder_item][\/qode_elements_holder][\/vc_column][vc_column width=&#8221;1\/4&#8243;][\/vc_column][vc_column width=&#8221;1\/4&#8243;][\/vc_column][\/vc_row][vc_row css_animation=&#8221;&#8221; row_type=&#8221;row&#8221; use_row_as_full_screen_section=&#8221;no&#8221; type=&#8221;full_width&#8221; angled_section=&#8221;no&#8221; text_align=&#8221;left&#8221; background_image_as_pattern=&#8221;without_pattern&#8221; css=&#8221;.vc_custom_1715103002779{background-image: url(https:\/\/zupanservos.com.br\/site\/wp-content\/uploads\/2018\/04\/home-parallax-2.jpg?id=34) !important;}&#8221; z_index=&#8221;&#8221;][vc_column][vc_row_inner row_type=&#8221;row&#8221; type=&#8221;grid&#8221; text_align=&#8221;left&#8221; css_animation=&#8221;&#8221;][vc_column_inner][vc_empty_space height=&#8221;32&#8243;][vc_column_text]<\/p>\n<h1><strong>Novidades<\/strong> Zupan<\/h1>\n<p>[\/vc_column_text][vc_empty_space height=&#8221;16px&#8221;][vc_column_text]<\/p>\n<h3>Fique por dentro das not\u00edcias e novidades da Zupan<\/h3>\n<p>[\/vc_column_text][vc_empty_space height=&#8221;32&#8243;]<div class='q_masonry_blog'><div class=\"q_masonry_blog_grid_sizer\"><\/div><div class=\"q_masonry_blog_grid_gutter\"><\/div><article  class='post-1267 post type-post status-publish format-standard has-post-thumbnail hentry category-feiras category-uncategorized '><div class=\"q_masonry_blog_post_image\"><a itemprop=\"url\" href=\"https:\/\/zupanservos.com.br\/site\/2025\/02\/27\/cliente-bhm-de-belo-horizonte\/\" target=\"_self\"><img decoding=\"async\" itemprop=\"image\" src=\"https:\/\/zupanservos.com.br\/site\/wp-content\/uploads\/2025\/02\/WhatsApp-Image-2025-02-25-at-17.10.51.remini-enhanced-scaled.jpg\" \/><\/a><\/div><div class=\"q_masonry_blog_post_text\"><h5 itemprop=\"name\" class=\"q_masonry_blog_title entry_title\"><a itemprop=\"url\" href=\"https:\/\/zupanservos.com.br\/site\/2025\/02\/27\/cliente-bhm-de-belo-horizonte\/\">Cliente BHM de Belo Horizonte.<\/a><\/h5><p itemprop=\"description\" class=\"q_masonry_blog_excerpt\">Marcamos presen\u00e7a na BHM de Belo Horizonte para realizar um treinamento t\u00e9cnico sobre os Servos Zupan. Foi uma experi\u00eancia valiosa para ampliar o conhecimento e refor\u00e7ar ainda mais nossa conex\u00e3o com o cliente que atua na linha de frente do setor de autope\u00e7as. Agradecemos a......<\/p><div class=\"q_masonry_blog_post_info\"><span itemprop=\"dateCreated\" class=\"time entry_date updated\"><meta itemprop=\"interactionCount\" content=\"UserComments: <?php echo get_comments_number(qode_get_page_id()); ?>\"\/><\/span> \/ <a itemprop=\"url\" class=\"post_comments\" href=\"https:\/\/zupanservos.com.br\/site\/2025\/02\/27\/cliente-bhm-de-belo-horizonte\/#respond\">No comment<\/a><\/div><\/div><\/article><article  class='post-1251 post type-post status-publish format-standard has-post-thumbnail hentry category-feiras category-uncategorized '><div class=\"q_masonry_blog_post_image\"><a itemprop=\"url\" href=\"https:\/\/zupanservos.com.br\/site\/2024\/11\/11\/palestra-tecnica-apail-diesel-belo-horizonte-mg\/\" target=\"_self\"><img decoding=\"async\" itemprop=\"image\" src=\"https:\/\/zupanservos.com.br\/site\/wp-content\/uploads\/2024\/11\/Imagem-do-WhatsApp-de-2024-11-01-as-09.28.47_370eaf1d.jpg\" \/><\/a><\/div><div class=\"q_masonry_blog_post_text\"><h5 itemprop=\"name\" class=\"q_masonry_blog_title entry_title\"><a itemprop=\"url\" href=\"https:\/\/zupanservos.com.br\/site\/2024\/11\/11\/palestra-tecnica-apail-diesel-belo-horizonte-mg\/\">Palestra T\u00e9cnica -Apail Diesel\/Belo Horizonte-MG<\/a><\/h5><p itemprop=\"description\" class=\"q_masonry_blog_excerpt\">Na Apail Diesel, em Belo Horizonte \u2013 MG, tivemos o prazer de realizar um treinamento t\u00e9cnico exclusivo sobre os Servos Zupan. Foi uma oportunidade valiosa de troca de conhecimento, refor\u00e7ando nossa parceria e oferecendo insights pr\u00e1ticos para quem atua no setor de autope\u00e7as. Agradecemos \u00e0......<\/p><div class=\"q_masonry_blog_post_info\"><span itemprop=\"dateCreated\" class=\"time entry_date updated\"><meta itemprop=\"interactionCount\" content=\"UserComments: <?php echo get_comments_number(qode_get_page_id()); ?>\"\/><\/span> \/ <a itemprop=\"url\" class=\"post_comments\" href=\"https:\/\/zupanservos.com.br\/site\/2024\/11\/11\/palestra-tecnica-apail-diesel-belo-horizonte-mg\/#respond\">No comment<\/a><\/div><\/div><\/article><article  class='post-1242 post type-post status-publish format-standard has-post-thumbnail hentry category-feiras category-uncategorized '><div class=\"q_masonry_blog_post_image\"><a itemprop=\"url\" href=\"https:\/\/zupanservos.com.br\/site\/2024\/11\/11\/palestra-tecnica-forte-pecas-contagem-mg\/\" target=\"_self\"><img decoding=\"async\" itemprop=\"image\" src=\"https:\/\/zupanservos.com.br\/site\/wp-content\/uploads\/2024\/11\/Imagem-do-WhatsApp-de-2024-11-01-as-09.25.40_a1bc639a.jpg\" \/><\/a><\/div><div class=\"q_masonry_blog_post_text\"><h5 itemprop=\"name\" class=\"q_masonry_blog_title entry_title\"><a itemprop=\"url\" href=\"https:\/\/zupanservos.com.br\/site\/2024\/11\/11\/palestra-tecnica-forte-pecas-contagem-mg\/\">Palestra T\u00e9cnica &#8211; Forte Pe\u00e7as\/Contagem-MG<\/a><\/h5><p itemprop=\"description\" class=\"q_masonry_blog_excerpt\">Estivemos na Forte Pe\u00e7as, em Contagem \u2013 MG, para realizar um treinamento t\u00e9cnico aprofundado sobre os Servos Zupan. Foi um momento importante para fortalecer nossa parceria e compartilhar conhecimentos com uma equipe dedicada ao mercado de autope\u00e7as. Agradecemos \u00e0 Forte Pe\u00e7as pela recep\u00e7\u00e3o e confian\u00e7a......<\/p><div class=\"q_masonry_blog_post_info\"><span itemprop=\"dateCreated\" class=\"time entry_date updated\"><meta itemprop=\"interactionCount\" content=\"UserComments: <?php echo get_comments_number(qode_get_page_id()); ?>\"\/><\/span> \/ <a itemprop=\"url\" class=\"post_comments\" href=\"https:\/\/zupanservos.com.br\/site\/2024\/11\/11\/palestra-tecnica-forte-pecas-contagem-mg\/#respond\">No comment<\/a><\/div><\/div><\/article><\/div>[\/vc_column_inner][\/vc_row_inner][\/vc_column][\/vc_row]<\/p>\n<\/div>","protected":false},"excerpt":{"rendered":"<p>[vc_row css_animation=&#8221;&#8221; row_type=&#8221;row&#8221; use_row_as_full_screen_section=&#8221;no&#8221; type=&#8221;full_width&#8221; angled_section=&#8221;no&#8221; text_align=&#8221;left&#8221; background_image_as_pattern=&#8221;without_pattern&#8221; css=&#8221;.vc_custom_1681237283020{background-color: #fffff !important;}&#8221; z_index=&#8221;&#8221;][vc_column][rev_slider_vc alias=&#8221;slider-1&#8243;][\/vc_column][\/vc_row][vc_row css_animation=&#8221;&#8221; row_type=&#8221;row&#8221; use_row_as_full_screen_section=&#8221;no&#8221; type=&#8221;full_width&#8221; angled_section=&#8221;no&#8221; text_align=&#8221;center&#8221; background_image_as_pattern=&#8221;without_pattern&#8221; z_index=&#8221;&#8221; css=&#8221;.vc_custom_1715101829514{background-image: url(https:\/\/zupanservos.com.br\/site\/wp-content\/uploads\/2018\/04\/home-parallax-2.jpg?id=34) !important;}&#8221;][vc_column][vc_empty_space height=&#8221;42px&#8221;][vc_row_inner row_type=&#8221;row&#8221; type=&#8221;grid&#8221; text_align=&#8221;left&#8221; css_animation=&#8221;&#8221; background_color=&#8221;#ffffff&#8221;][vc_column_inner width=&#8221;1\/2&#8243;][vc_column_text] [\/vc_column_text][\/vc_column_inner][vc_column_inner width=&#8221;1\/2&#8243;][vc_column_text] Sobre n\u00f3s [\/vc_column_text][vc_empty_space height=&#8221;42px&#8221;][vc_column_text] Nascemos com uma proposta inovadora, dando continuidade \u00e0&#8230;<\/p>\n","protected":false},"author":1,"featured_media":0,"parent":0,"menu_order":0,"comment_status":"closed","ping_status":"closed","template":"full_width.php","meta":{"footnotes":""},"class_list":["post-361","page","type-page","status-publish","hentry"],"_links":{"self":[{"href":"https:\/\/zupanservos.com.br\/site\/wp-json\/wp\/v2\/pages\/361","targetHints":{"allow":["GET"]}}],"collection":[{"href":"https:\/\/zupanservos.com.br\/site\/wp-json\/wp\/v2\/pages"}],"about":[{"href":"https:\/\/zupanservos.com.br\/site\/wp-json\/wp\/v2\/types\/page"}],"author":[{"embeddable":true,"href":"https:\/\/zupanservos.com.br\/site\/wp-json\/wp\/v2\/users\/1"}],"replies":[{"embeddable":true,"href":"https:\/\/zupanservos.com.br\/site\/wp-json\/wp\/v2\/comments?post=361"}],"version-history":[{"count":222,"href":"https:\/\/zupanservos.com.br\/site\/wp-json\/wp\/v2\/pages\/361\/revisions"}],"predecessor-version":[{"id":1288,"href":"https:\/\/zupanservos.com.br\/site\/wp-json\/wp\/v2\/pages\/361\/revisions\/1288"}],"wp:attachment":[{"href":"https:\/\/zupanservos.com.br\/site\/wp-json\/wp\/v2\/media?parent=361"}],"curies":[{"name":"wp","href":"https:\/\/api.w.org\/{rel}","templated":true}]}}