{"id":7,"date":"2016-03-09T14:46:35","date_gmt":"2016-03-09T14:46:35","guid":{"rendered":"http:\/\/bridge16.qodeinteractive.com\/?page_id=7"},"modified":"2019-04-30T19:40:09","modified_gmt":"2019-04-30T19:40:09","slug":"home","status":"publish","type":"page","link":"https:\/\/zupanservos.com.br\/distribuidora\/","title":{"rendered":"Home"},"content":{"rendered":"<p>[vc_row css_animation=&#8221;&#8221; row_type=&#8221;row&#8221; use_row_as_full_screen_section=&#8221;no&#8221; type=&#8221;full_width&#8221; angled_section=&#8221;no&#8221; text_align=&#8221;left&#8221; background_image_as_pattern=&#8221;without_pattern&#8221;][vc_column][layerslider_vc id=&#8221;2&#8243;][\/vc_column][\/vc_row][vc_row css_animation=&#8221;&#8221; row_type=&#8221;row&#8221; use_row_as_full_screen_section=&#8221;no&#8221; type=&#8221;grid&#8221; angled_section=&#8221;no&#8221; text_align=&#8221;left&#8221; background_image_as_pattern=&#8221;without_pattern&#8221; css=&#8221;.vc_custom_1555337900429{padding-top: 40px !important;padding-bottom: 40px !important;}&#8221; z_index=&#8221;&#8221;][vc_column css=&#8221;.vc_custom_1555338331736{padding-top: 10px !important;padding-bottom: 40px !important;background-color: #eaeaea !important;}&#8221;][vc_column_text css=&#8221;.vc_custom_1555358796532{padding-top: 40px !important;}&#8221;]<\/p>\n<h5 style=\"text-align: center;\">O QUE VOC\u00ca PROCURA?<\/h5>\n<p>[\/vc_column_text][vc_column_text css=&#8221;.vc_custom_1555358803547{padding-top: 20px !important;padding-bottom: 25px !important;}&#8221;]<\/p>\n<p style=\"text-align: center;\">Pesquise por nome da pe\u00e7a ou c\u00f3digo da montadora<\/p>\n<p>[\/vc_column_text][vc_column_text]<div class=\"aws-container\" data-url=\"\/distribuidora\/?wc-ajax=aws_action\" data-siteurl=\"https:\/\/zupanservos.com.br\/distribuidora\" data-lang=\"\" data-show-loader=\"true\" data-show-more=\"false\" data-show-page=\"false\" data-ajax-search=\"true\" data-show-clear=\"true\" data-mobile-screen=\"false\" data-use-analytics=\"false\" data-min-chars=\"1\" data-buttons-order=\"2\" data-timeout=\"300\" data-is-mobile=\"false\" data-page-id=\"0\" data-tax=\"\" ><form class=\"aws-search-form\" action=\"https:\/\/zupanservos.com.br\/distribuidora\/\" method=\"get\" role=\"search\" ><div class=\"aws-wrapper\"><label class=\"aws-search-label\" for=\"69ebab7034a86\">Buscar<\/label><input type=\"search\" name=\"s\" id=\"69ebab7034a86\" value=\"\" class=\"aws-search-field\" placeholder=\"Buscar\" autocomplete=\"off\" \/><input type=\"hidden\" name=\"post_type\" value=\"product\"><input type=\"hidden\" name=\"type_aws\" value=\"true\"><div class=\"aws-search-clear\"><span>\u00d7<\/span><\/div><div class=\"aws-loader\"><\/div><\/div><div class=\"aws-search-btn aws-form-btn\"><span class=\"aws-search-btn_icon\"><svg focusable=\"false\" xmlns=\"http:\/\/www.w3.org\/2000\/svg\" viewBox=\"0 0 24 24\" width=\"24px\"><path d=\"M15.5 14h-.79l-.28-.27C15.41 12.59 16 11.11 16 9.5 16 5.91 13.09 3 9.5 3S3 5.91 3 9.5 5.91 16 9.5 16c1.61 0 3.09-.59 4.23-1.57l.27.28v.79l5 4.99L20.49 19l-4.99-5zm-6 0C7.01 14 5 11.99 5 9.5S7.01 5 9.5 5 14 7.01 14 9.5 11.99 14 9.5 14z\"><\/path><\/svg><\/span><\/div><\/form><\/div>[\/vc_column_text][vc_column_text css=&#8221;.vc_custom_1555093838230{padding-top: 40px !important;padding-bottom: 30px !important;}&#8221;]<\/p>\n<h5 style=\"text-align: center;\">Destaques<\/h5>\n<p>[\/vc_column_text]<div class=\"woocommerce columns-4 \"><ul class=\"products\">\n    <li class=\"product type-product post-2326 status-publish first instock product_cat-linha-pneumatica featured shipping-taxable product-type-simple\">\n\t\t\n    <div class=\"top-product-section\">\n\n        <a itemprop=\"url\" href=\"https:\/\/zupanservos.com.br\/distribuidora\/produto\/cilndro-p-compressor-lk38-reg-kgm-2108\/\" class=\"product-category\">\n            <span class=\"image-wrapper\">\n            <img loading=\"lazy\" decoding=\"async\" width=\"300\" height=\"300\" src=\"https:\/\/zupanservos.com.br\/distribuidora\/wp-content\/uploads\/woocommerce-placeholder.png\" class=\"woocommerce-placeholder wp-post-image\" alt=\"Conte\u00fado de marca\u00e7\u00e3o\" srcset=\"https:\/\/zupanservos.com.br\/distribuidora\/wp-content\/uploads\/woocommerce-placeholder.png 1200w, https:\/\/zupanservos.com.br\/distribuidora\/wp-content\/uploads\/woocommerce-placeholder-150x150.png 150w, https:\/\/zupanservos.com.br\/distribuidora\/wp-content\/uploads\/woocommerce-placeholder-300x300.png 300w, https:\/\/zupanservos.com.br\/distribuidora\/wp-content\/uploads\/woocommerce-placeholder-768x768.png 768w, https:\/\/zupanservos.com.br\/distribuidora\/wp-content\/uploads\/woocommerce-placeholder-1024x1024.png 1024w, https:\/\/zupanservos.com.br\/distribuidora\/wp-content\/uploads\/woocommerce-placeholder-570x570.png 570w, https:\/\/zupanservos.com.br\/distribuidora\/wp-content\/uploads\/woocommerce-placeholder-500x500.png 500w, https:\/\/zupanservos.com.br\/distribuidora\/wp-content\/uploads\/woocommerce-placeholder-1000x1000.png 1000w, https:\/\/zupanservos.com.br\/distribuidora\/wp-content\/uploads\/woocommerce-placeholder-700x700.png 700w\" sizes=\"(max-width: 300px) 100vw, 300px\" \/>            <\/span>\n        <\/a>\n\n\t\t\n    <\/div>\n        <a itemprop=\"url\" href=\"https:\/\/zupanservos.com.br\/distribuidora\/produto\/cilndro-p-compressor-lk38-reg-kgm-2108\/\" class=\"product-category product-info\">\n        <h6 itemprop=\"name\">CILNDRO P\/ COMPRESSOR LK38 REG.- KGM-2108<\/h6>\n\n        \n        \n    <\/a>\n\n    \n<\/li>\n    <li class=\"product type-product post-2146 status-publish instock product_cat-embreagem has-post-thumbnail featured shipping-taxable product-type-simple\">\n\t\t\n    <div class=\"top-product-section\">\n\n        <a itemprop=\"url\" href=\"https:\/\/zupanservos.com.br\/distribuidora\/produto\/cj-embreagem-395mm-puxar-remano-eaton-104711-1rm\/\" class=\"product-category\">\n            <span class=\"image-wrapper\">\n            <img loading=\"lazy\" decoding=\"async\" width=\"299\" height=\"207\" src=\"https:\/\/zupanservos.com.br\/distribuidora\/wp-content\/uploads\/2019\/04\/Embreagem-395.png\" class=\"attachment-woocommerce_thumbnail size-woocommerce_thumbnail\" alt=\"\" \/>            <\/span>\n        <\/a>\n\n\t\t\n    <\/div>\n        <a itemprop=\"url\" href=\"https:\/\/zupanservos.com.br\/distribuidora\/produto\/cj-embreagem-395mm-puxar-remano-eaton-104711-1rm\/\" class=\"product-category product-info\">\n        <h6 itemprop=\"name\">CJ EMBREAGEM 395mm PUXAR (REMANO) &#8211; EATON 104711-1RM<\/h6>\n\n        \n        \n    <\/a>\n\n    \n<\/li>\n    <li class=\"product type-product post-1764 status-publish instock product_cat-freio featured shipping-taxable product-type-simple\">\n\t\t\n    <div class=\"top-product-section\">\n\n        <a itemprop=\"url\" href=\"https:\/\/zupanservos.com.br\/distribuidora\/produto\/cuica-dupla-spring-brake-30-30-10000185830\/\" class=\"product-category\">\n            <span class=\"image-wrapper\">\n            <img loading=\"lazy\" decoding=\"async\" width=\"300\" height=\"300\" src=\"https:\/\/zupanservos.com.br\/distribuidora\/wp-content\/uploads\/woocommerce-placeholder.png\" class=\"woocommerce-placeholder wp-post-image\" alt=\"Conte\u00fado de marca\u00e7\u00e3o\" srcset=\"https:\/\/zupanservos.com.br\/distribuidora\/wp-content\/uploads\/woocommerce-placeholder.png 1200w, https:\/\/zupanservos.com.br\/distribuidora\/wp-content\/uploads\/woocommerce-placeholder-150x150.png 150w, https:\/\/zupanservos.com.br\/distribuidora\/wp-content\/uploads\/woocommerce-placeholder-300x300.png 300w, https:\/\/zupanservos.com.br\/distribuidora\/wp-content\/uploads\/woocommerce-placeholder-768x768.png 768w, https:\/\/zupanservos.com.br\/distribuidora\/wp-content\/uploads\/woocommerce-placeholder-1024x1024.png 1024w, https:\/\/zupanservos.com.br\/distribuidora\/wp-content\/uploads\/woocommerce-placeholder-570x570.png 570w, https:\/\/zupanservos.com.br\/distribuidora\/wp-content\/uploads\/woocommerce-placeholder-500x500.png 500w, https:\/\/zupanservos.com.br\/distribuidora\/wp-content\/uploads\/woocommerce-placeholder-1000x1000.png 1000w, https:\/\/zupanservos.com.br\/distribuidora\/wp-content\/uploads\/woocommerce-placeholder-700x700.png 700w\" sizes=\"(max-width: 300px) 100vw, 300px\" \/>            <\/span>\n        <\/a>\n\n\t\t\n    <\/div>\n        <a itemprop=\"url\" href=\"https:\/\/zupanservos.com.br\/distribuidora\/produto\/cuica-dupla-spring-brake-30-30-10000185830\/\" class=\"product-category product-info\">\n        <h6 itemprop=\"name\">CUICA DUPLA (SPRING BRAKE) 30\/30- 10000185830<\/h6>\n\n        \n        \n    <\/a>\n\n    \n<\/li>\n    <li class=\"product type-product post-1344 status-publish last instock product_cat-filtros featured shipping-taxable product-type-simple\">\n\t\t\n    <div class=\"top-product-section\">\n\n        <a itemprop=\"url\" href=\"https:\/\/zupanservos.com.br\/distribuidora\/produto\/filtro-ar-wap286\/\" class=\"product-category\">\n            <span class=\"image-wrapper\">\n            <img loading=\"lazy\" decoding=\"async\" width=\"300\" height=\"300\" src=\"https:\/\/zupanservos.com.br\/distribuidora\/wp-content\/uploads\/woocommerce-placeholder.png\" class=\"woocommerce-placeholder wp-post-image\" alt=\"Conte\u00fado de marca\u00e7\u00e3o\" srcset=\"https:\/\/zupanservos.com.br\/distribuidora\/wp-content\/uploads\/woocommerce-placeholder.png 1200w, https:\/\/zupanservos.com.br\/distribuidora\/wp-content\/uploads\/woocommerce-placeholder-150x150.png 150w, https:\/\/zupanservos.com.br\/distribuidora\/wp-content\/uploads\/woocommerce-placeholder-300x300.png 300w, https:\/\/zupanservos.com.br\/distribuidora\/wp-content\/uploads\/woocommerce-placeholder-768x768.png 768w, https:\/\/zupanservos.com.br\/distribuidora\/wp-content\/uploads\/woocommerce-placeholder-1024x1024.png 1024w, https:\/\/zupanservos.com.br\/distribuidora\/wp-content\/uploads\/woocommerce-placeholder-570x570.png 570w, https:\/\/zupanservos.com.br\/distribuidora\/wp-content\/uploads\/woocommerce-placeholder-500x500.png 500w, https:\/\/zupanservos.com.br\/distribuidora\/wp-content\/uploads\/woocommerce-placeholder-1000x1000.png 1000w, https:\/\/zupanservos.com.br\/distribuidora\/wp-content\/uploads\/woocommerce-placeholder-700x700.png 700w\" sizes=\"(max-width: 300px) 100vw, 300px\" \/>            <\/span>\n        <\/a>\n\n\t\t\n    <\/div>\n        <a itemprop=\"url\" href=\"https:\/\/zupanservos.com.br\/distribuidora\/produto\/filtro-ar-wap286\/\" class=\"product-category product-info\">\n        <h6 itemprop=\"name\">FILTRO AR WAP286<\/h6>\n\n        \n        \n    <\/a>\n\n    \n<\/li><\/ul>\n<\/div>[\/vc_column][\/vc_row][vc_row css_animation=&#8221;&#8221; row_type=&#8221;row&#8221; use_row_as_full_screen_section=&#8221;no&#8221; type=&#8221;full_width&#8221; angled_section=&#8221;no&#8221; text_align=&#8221;left&#8221; background_image_as_pattern=&#8221;without_pattern&#8221; css=&#8221;.vc_custom_1553136007683{padding-top: 30px !important;padding-bottom: 30px !important;background-color: #050077 !important;}&#8221; z_index=&#8221;&#8221;][vc_column width=&#8221;1\/3&#8243;][vc_column_text]<\/p>\n<p style=\"text-align: center;\"><img loading=\"lazy\" decoding=\"async\" class=\"alignnone size-medium wp-image-442\" src=\"https:\/\/zupanservos.com.br\/distribuidora\/wp-content\/uploads\/2019\/03\/zupan-email-300x91-300x91.png\" alt=\"\" width=\"300\" height=\"91\" \/><\/p>\n<p>[\/vc_column_text][\/vc_column][vc_column width=&#8221;1\/3&#8243;][vc_column_text]<\/p>\n<p style=\"text-align: center;\"><img loading=\"lazy\" decoding=\"async\" class=\"alignnone size-medium wp-image-440\" src=\"https:\/\/zupanservos.com.br\/distribuidora\/wp-content\/uploads\/2019\/03\/atendimento-zupan-300x91-300x91.png\" alt=\"\" width=\"300\" height=\"91\" \/><\/p>\n<p>[\/vc_column_text][\/vc_column][vc_column width=&#8221;1\/3&#8243;][vc_column_text]<img loading=\"lazy\" decoding=\"async\" class=\"size-medium wp-image-443 aligncenter\" src=\"https:\/\/zupanservos.com.br\/distribuidora\/wp-content\/uploads\/2019\/03\/skype-zupan-300x91-300x91.png\" alt=\"\" width=\"300\" height=\"91\" \/>[\/vc_column_text][\/vc_column][\/vc_row]<\/p>\n","protected":false},"excerpt":{"rendered":"<p>[vc_row css_animation=&#8221;&#8221; row_type=&#8221;row&#8221; use_row_as_full_screen_section=&#8221;no&#8221; type=&#8221;full_width&#8221; angled_section=&#8221;no&#8221; text_align=&#8221;left&#8221; background_image_as_pattern=&#8221;without_pattern&#8221;][vc_column][layerslider_vc id=&#8221;2&#8243;][\/vc_column][\/vc_row][vc_row css_animation=&#8221;&#8221; row_type=&#8221;row&#8221; use_row_as_full_screen_section=&#8221;no&#8221; type=&#8221;grid&#8221; angled_section=&#8221;no&#8221; text_align=&#8221;left&#8221; background_image_as_pattern=&#8221;without_pattern&#8221; css=&#8221;.vc_custom_1555337900429{padding-top: 40px !important;padding-bottom: 40px !important;}&#8221; z_index=&#8221;&#8221;][vc_column css=&#8221;.vc_custom_1555338331736{padding-top: 10px !important;padding-bottom: 40px !important;background-color: #eaeaea !important;}&#8221;][vc_column_text css=&#8221;.vc_custom_1555358796532{padding-top: 40px !important;}&#8221;] O QUE VOC\u00ca PROCURA? [\/vc_column_text][vc_column_text css=&#8221;.vc_custom_1555358803547{padding-top: 20px !important;padding-bottom: 25px !important;}&#8221;] Pesquise por nome&#8230;<\/p>\n","protected":false},"author":1,"featured_media":0,"parent":0,"menu_order":0,"comment_status":"closed","ping_status":"closed","template":"full_width.php","meta":{"footnotes":""},"_links":{"self":[{"href":"https:\/\/zupanservos.com.br\/distribuidora\/wp-json\/wp\/v2\/pages\/7"}],"collection":[{"href":"https:\/\/zupanservos.com.br\/distribuidora\/wp-json\/wp\/v2\/pages"}],"about":[{"href":"https:\/\/zupanservos.com.br\/distribuidora\/wp-json\/wp\/v2\/types\/page"}],"author":[{"embeddable":true,"href":"https:\/\/zupanservos.com.br\/distribuidora\/wp-json\/wp\/v2\/users\/1"}],"replies":[{"embeddable":true,"href":"https:\/\/zupanservos.com.br\/distribuidora\/wp-json\/wp\/v2\/comments?post=7"}],"version-history":[{"count":24,"href":"https:\/\/zupanservos.com.br\/distribuidora\/wp-json\/wp\/v2\/pages\/7\/revisions"}],"predecessor-version":[{"id":4937,"href":"https:\/\/zupanservos.com.br\/distribuidora\/wp-json\/wp\/v2\/pages\/7\/revisions\/4937"}],"wp:attachment":[{"href":"https:\/\/zupanservos.com.br\/distribuidora\/wp-json\/wp\/v2\/media?parent=7"}],"curies":[{"name":"wp","href":"https:\/\/api.w.org\/{rel}","templated":true}]}}